
-1
Let b = 0 - -5. Let x(l) = -l**2 + 2*l + 5. Let p(k) = -2*k**2 + 5*k + 9. Let a(f) = -4*p(f) + 7*x(f). Calculate a(b).
-6
Let n(f) = -f**2 - 6*f - 4. Suppose -13*q + 15 = -18*q. Let x be ((-2)/5)/(q/(-45)). Calculate n(x).
-4
Let z(q) = -2*q**3 - q + 1. Let p(d) = 11*d**3 + 10*d**2. Let t(y) = -p(y) - 6*z(y). What is t(9)?
-33
Let p(u) = u - 4. Let j be p(10). Let r(o) = -o**2 + 6*o - 2. Give r(j).
-2
Let q(g) be the first derivative of -g**4/4 - 4*g**3/3 - 4*g - 4. Let z = -32 - -27. Determine q(z).
21
Let c(f) = -f**3 + 6*f**2 - 5*f - 2. Let g be (-1)/(-3)*(-6)/2*-4. Suppose 22 = 2*i - g*m, 0 = 4*m - m + 9. Determine c(i).
-2
Suppose 0 = -2*l + 5*l - 15. Let b(z) be the first derivative of 5/2*z**2 + 1 - 1/3*z**3 - 4*z. Calculate b(l).
-4
Let x(y) = -y + 9. Suppose -2*u - 2*u + 40 = 0. Let h(m) = 2*m - 14. Let k be h(u). Calculate x(k).
3
Suppose -2*v + 8 = 2*v. Suppose -4*s - 2 = v. Let u(h) = 60*h - 180*h + 1 + 64*h + 60*h. Determine u(s).
-3
Let n(u) be the first derivative of u**4/4 + 11*u**3/3 + 3*u**2/2 + 15*u + 213. Give n(-11).
-18
Let s(n) = 3*n + 3. Let p(h) = -2*h - 5. Let l(q) = -p(q) - s(q). Suppose 4*g - 3*g - 2 = 0. Determine l(g).
0
Suppose -27*a + 30 = -22*a. Let n(o) = -o - 2. Let u be n(-2). Let w(m) = 5*m + a - m + u - 3*m. Give w(-8).
-2
Let b = 497 - 495. Let d(w) = 1 + w + w - 2. Give d(b).
3
Let g(l) be the third derivative of -l**4/6 + l**3/6 + 78*l**2. Give g(-1).
5
Let k = -1863 + 1868. Let p(i) = 0 + 2*i - 2 - 2. Determine p(k).
6
Let p(j) = -6*j + 5 - j + j**2 + 0*j**2. Let w(u) = -u**3 + 22*u**2 - 15*u - 119. Let o be w(21). Give p(o).
5
Let t(u) = 4*u - 77*u**2 + 1 + 20*u**2 + 31*u**2 - 9*u + 25*u**2. Suppose 2*s = -3*s - 20. Calculate t(s).
5
Let a be 1 - ((-6)/(-9) + (-30)/18). Let w(j) = -4*j + 4. Calculate w(a).
-4
Let f(y) be the first derivative of 1/2*y**2 + 10 - 8/3*y**3 + 2*y + 1/4*y**4. Let t = 17 + -9. Give f(t).
10
Let p(f) be the first derivative of f**3 + 13 + 4*f + 1/4*f**4 - 5/2*f**2. Give p(-5).
-21
Let z = 5 + -10. Let m = 76 - 59. Let r(i) = -7*i**3 + 4*i + 5*i**3 + m*i**2 + 3*i**3 - 11*i**2. Give r(z).
5
Let t be 4*(-2)/(8/(-2)). Suppose -5*d + 2*f = -4, 4*d + 3*f - 2 = 5*f. Let y(r) = 1 + 6*r + 4*r**d + 12*r - 20*r. What is y(t)?
13
Let o = -1414 - -1426. Let l(i) = -i**3 + 13*i**2 - 9*i - 1. Give l(o).
35
Let d = -370 - -373. Let j(c) be the second derivative of 1/3*c**d + 0 + 5*c - 4*c**2. What is j(7)?
6
Let v = -34 - -38. Let m(x) = -3*x + 4 - 6 - v*x**2 + 3 - 9*x**3 + 6*x**2. Let r(o) = -9*o**3 + 3*o**2 - 4*o + 1. Let g(y) = 4*m(y) - 3*r(y). Determine g(-1).
9
Let s(y) = y**3 - 8*y**2 - 2. Let k be 77/10 + (-8)/(240/(-9)). Calculate s(k).
-2
Let g(m) be the third derivative of -m**2 + 0*m**3 - 1/120*m**6 + 1/10*m**5 + 0*m + 0 - 1/12*m**4. What is g(6)?
-12
Suppose 2*w + 2*w = -4*t - 8, -4*t = -2*w - 16. Let o(q) = 9*q**t - 12*q**2 - 1 - 3*q + 3*q. Let j(a) = a**3 + 4*a**2 + 4*a + 2. Let u be j(-3). Determine o(u).
-4
Let b be (4 - -1) + -3 + (1 - -4). Let u(y) be the second derivative of -y**4/12 + 7*y**3/6 - 5*y**2 - 11*y. Give u(b).
-10
Let k be (876/584)/((-2)/(-4) + 1). Let j(v) = 16*v**2 - v + 1. What is j(k)?
16
Suppose -75*k = -43*k + 128. Let w(f) = f**3 + 4*f**2 - 2*f + 2. Determine w(k).
10
Suppose 4*h - 3*h - 3 = -5*y, 11 = -4*h + 3*y. Suppose 4*n - 18 - 17 = 3*f, -5*f = -2*n + 35. Let u(p) = -3*p + n*p - 1 - 6*p. Determine u(h).
7
Let w = -31 + 33. Let y(m) = -3*m**2 + 5*m + m**3 + m**w + 7*m**2. What is y(-4)?
-4
Let g(h) = -h**2 + 5*h + 1. Let f be g(4). Suppose 0 = f*y - 5*n - 25, -3*y - y = 3*n + 1. Let r(c) = -5 + 3 - y + c. Determine r(0).
-4
Suppose -5 = -8*u - 77. Let s(q) = -q - 17. Give s(u).
-8
Let w(b) = 2*b**2 + 3*b - 2. Suppose r - 5 + 8 = 0. Let s(k) = 5*k**2 + 8*k - 5. Let f(x) = r*s(x) + 8*w(x). Determine f(-3).
8
Let j(r) = r - 13 + 9 - r**3 - 2*r**2 + 0. Suppose 0 = -4*s + 5*b - 0*b + 3, -2*s + 3 = -3*b. Give j(s).
2
Let k(g) = 4 + 1 - 6 - 7*g + 0. Give k(-1).
6
Suppose 8*m = 10*m - 20. Let w(b) = 7 - m + 2*b**3 - 5*b**3 + 2*b**3 - 6*b**2. Calculate w(-6).
-3
Let c(y) = y**3 + 6*y**2 - 2. Let m(w) = w**2 - 1. Let f(o) = c(o) - 3*m(o). Let x(u) = -2*u - 4. Let t be x(-4). Suppose -t*a = a + 15. Determine f(a).
1
Let t(p) = 4 - p + 6 - 3*p - 4. Let f(r) = -4*r + 5. Let w(v) = -3*f(v) + 2*t(v). Calculate w(3).
9
Let h(m) be the third derivative of -m**7/2520 + m**6/180 - m**5/120 + m**4/2 - 3*m**2. Let d(f) be the second derivative of h(f). Calculate d(4).
-1
Let b(d) = d - 6. Let w be b(9). Suppose 5*g - 30 = -5*c, -5*c + g = -3*c + w. Let i(v) = -v**2 + 0*v**2 + 1 - 7*v**2. What is i(c)?
-7
Let a = -115 - -118. Let p(f) be the second derivative of f + 1/6*f**4 + 3/2*f**2 + 2/3*f**a + 0. Determine p(-3).
9
Suppose -26*j - 1 = -24*j - 5*q, -j - 5*q + 7 = 0. Let k(n) = 5*n**3 - 4*n**2 + 3*n + 1. Give k(j).
31
Let x(m) = m**2 + 2*m - 1. Suppose 428 = -g + 424. Give x(g).
7
Let r(l) = -l**2 + 5*l + 9. Let a be r(6). Suppose a*i = 9 + 6. Let m(v) = v**3 - 6*v**2 + 5*v - 2. What is m(i)?
-2
Let u(d) be the third derivative of -d**4/24 - 3*d**3/2 + 113*d**2. Calculate u(-7).
-2
Let j(s) = -3*s**2 - 4*s + 3. Suppose 6*r - 6 = 3*r. Let q be (-10 + 8)*5/r. Let f(b) = 4*b**2 + 4*b - 4. Let h(x) = q*j(x) - 4*f(x). Determine h(5).
-4
Let a(l) = -304 - 5*l**2 - 2*l + 616 - 310. Give a(-2).
-14
Let b(y) be the third derivative of -y**4/24 - 19*y**3/6 - y**2 - y. Give b(-10).
-9
Let n(z) = -z**2 - 11*z + 18. Let q(r) = r**2 + 13*r - 21. Let y(m) = 6*n(m) + 5*q(m). Let a = 4 - 2. Let w be 3/(0 + -3 + a). What is y(w)?
-3
Let o(r) = -6*r**2 + 55*r - 4. Let s be o(9). Let g(b) = -b**3 - 4*b**2 + 0*b**3 + 2*b**3 - 1 - 3*b + 0*b**3. Calculate g(s).
9
Let b(p) = 5*p + 14. Let r(m) = -2*m**3 - 3*m**2 + 3*m - 8. Let n be r(0). Determine b(n).
-26
Let q = 1096 + -1109. Let v(s) = s**2 + 10*s - 21. Determine v(q).
18
Let c be -8 - -11 - (1 + 2)/(-3). Let v(d) = -d**3 - 7*d**2 + 10*d - 13*d + c*d. Calculate v(-7).
-7
Let l(p) = -8*p + 3. Let m(g) = 2*g**2 - 22*g**3 + 23*g**3 - 10*g - 6 + 0*g**2. Let f be m(-4). Give l(f).
-13
Let k(f) = f - 1. Suppose w + 2*w = 9. Suppose 0 = 5*i - w*i. Suppose z - 5 = u - 2*u, -2*u + 3*z - 10 = i. What is k(u)?
0
Let f(i) = -i**3 - 10*i**2 + 12*i - 10. Suppose -5*v - 59 = 4*t, -3*t + v = -7*t - 47. Give f(t).
-21
Let y(o) = o - 11. Let m(z) = -7 + z**2 - 9*z**2 + z**3 + 1 + z + 1. Let f be m(8). Suppose f*c + 4 = i + 5, 6 = 3*c. What is y(i)?
-6
Let z(k) = k**2 + 3*k - 1. Let h be z(-4). Suppose 0 = -5*w + 23 - h. Let x(r) = -r**3 + 6*r**2 - 5*r - 1. Determine x(w).
11
Let t(u) = u + 12. Suppose 16263*d + 63 = 16254*d. Determine t(d).
5
Let p(f) = f**2 + f - 6. Let a = -63 + 65. Suppose -5*m + 14 = -j, 4*m - 3*j - 8 = j. Suppose a*k + 4*c = -8, -m*k + 0*c + 2 = -c. Determine p(k).
-6
Let s(q) = q**3 + q**2 - 7*q + 11. Let y be s(4). Let p = -57 + y. Let r(l) = -l**2 + 5*l + 4. Determine r(p).
-2
Let h(f) = -2*f**2 - 62*f - 415. Let p be h(-10). Let x(l) be the second derivative of -l**4/12 + l**3/2 + 2*l**2 + l. What is x(p)?
-6
Let g be (-4)/(-10)*-1 - 420/(-175). Let b(y) be the second derivative of y**5/20 - y**4/4 + y**3/6 + y**2/2 - 6*y. Determine b(g).
-1
Suppose 0 = 9*i - 5*i. Let a = 3 + i. Let c(u) = u**3 - u**2 - 4*u - 1. Give c(a).
5
Let p(n) = -56 + 171 - 4*n**3 - 54 - 62 + 2*n - n**2. Determine p(1).
-4
Suppose -c = -4*c + 36. Suppose 0 = -7*d - 5 + c. Let r(m) = -m**3 + 4*m**2 + 2*m - 7. Let n(j) = -j**2 + 1. Let v(k) = -6*n(k) - r(k). Determine v(d).
2
Let m(x) = x**3 + 8*x**2 + x + 4. Let s(r) = -6*r - 18. Let c be s(-7). Suppose -3*b - 2*u = 24, -5*u = b + 2*b + c. Calculate m(b).
-4
Let y(p) = p**3 - 6*p**2 - 8. Let v be y(6). Let a(z) = -6*z - 11. Suppose 7*o = 6*o + 3. Let l(t) = -5*t - 10. Let i(f) = o*a(f) - 4*l(f). Determine i(v).
-9
Suppose 3 = -j - 0*j - 4*g, -4*g = 4. Let z(v) = -2*v**3 - 2*v**2 + 2*v - 1. Give z(j).
-3
Let k(t) be the second derivative of 1/20*t**5 + 1/3*t**3 + 0 - 1/2*t**2 - 5/12*t**4 + 6*t. Determine k(2).
-9
Let z(f) be the third derivative of -f**5/120 + f**4/12 + 7*f**3/6 + 2*f**2. Let s(l) be the first derivative of z(l). Calculate s(-3).
5
Let f(l) = l**2 + 9*l + 9. Suppose 25 = -6*q - 23. Determine f(q).
1
Let r = 2 - -6. Let c(q) = -q**3 + 9*q**2 - 4*q - 7. Let x be c(r). Suppose -5*l + x